se 5) to base 3.
201
What is 10 (base 11) in base 9?
12
Convert 15 (base 7) to base 11.
11
Convert 110 (base 2) to base 13.
6
What is 122 (base 11) in base 13?
b2
Convert -24 (base 15) to base 3.
-1021
Convert 5 (base 11) to base 2.
101
-6 (base 7) to base 9
-6
10 (base 2) to base 6
2
Convert -2 (base 3) to base 15.
-2
Convert 0 (base 5) to base 11.
0
3 (base 11) to base 3
10
1 (base 8) to base 5
1
9 (base 15) to base 11
9
-24 (base 5) to base 16
-e
Convert 1 (base 5) to base 13.
1
Convert -2 (base 16) to base 13.
-2
What is -12 (base 7) in base 13?
-9
57 (base 16) to base 10
87
What is -15 (base 6) in base 5?
-21
What is 154 (base 10) in base 15?
a4
Convert 61 (base 12) to base 6.
201
107 (base 13) to base 11
150
3a (base 11) to base 2
101011
Convert 17 (base 14) to base 7.
30
What is 6b (base 12) in base 15?
58
What is a (base 15) in base 9?
11
165 (base 14) to base 12
1b9
What is -11111 (base 2) in base 5?
-111
Convert 2 (base 16) to base 9.
2
What is -101110 (base 2) in base 13?
-37
What is -545 (base 6) in base 11?
-180
What is -4 (base 8) in base 6?
-4
Convert -55 (base 16) to base 6.
-221
What is -3 (base 5) in base 4?
-3
What is -11c (base 16) in base 5?
-2114
Convert 22 (base 10) to base 3.
211
Convert 101 (base 3) to base 6.
14
17 (base 10) to base 11
16
What is 2200 (base 5) in base 14?
176
-3b (base 15) to base 16
-38
-4 (base 15) to base 4
-10
0 (base 10) to base 16
0
Convert 14 (base 5) to base 16.
9
211 (base 3) to base 9
24
What is 1101110 (base 2) in base 15?
75
Convert -1 (base 7) to base 13.
-1
Convert c7 (base 14) to base 5.
1200
Convert -a (base 12) to base 4.
-22
35 (base 8) to base 5
104
Convert 6 (base 11) to base 14.
6
55 (base 6) to base 13
29
What is -5d (base 14) in base 3?
-10002
Convert -245 (base 7) to base 12.
-ab
1 (base 4) to base 13
1
Convert 4a (base 12) to base 6.
134
-22 (base 9) to base 13
-17
3 (base 8) to base 15
3
What is -11 (base 2) in base 3?
-10
What is -3 (base 6) in base 13?
-3
What is -5 (base 11) in base 2?
-101
Convert 183 (base 11) to base 13.
134
Convert -7f (base 16) to base 3.
-11201
What is -62 (base 15) in base 7?
-161
What is -3 (base 12) in base 10?
-3
-1101100 (base 2) to base 4
-1230
What is -2 (base 6) in base 3?
-2
Convert 2 (base 9) to base 4.
2
Convert -16 (base 8) to base 3.
-112
What is -121 (base 3) in base 11?
-15
2 (base 4) to base 11
2
Convert 53 (base 8) to base 10.
43
10 (base 5) to base 16
5
1 (base 9) to base 11
1
-14 (base 15) to base 10
-19
What is -1 (base 11) in base 9?
-1
Convert -353 (base 8) to base 13.
-151
What is -42 (base 6) in base 8?
-32
Convert 0 (base 2) to base 11.
0
What is 1f (base 16) in base 7?
43
57 (base 11) to base 15
42
1 (base 6) to base 3
1
Convert -13 (base 4) to base 6.
-11
Convert 1 (base 4) to base 14.
1
What is -2 (base 14) in base 5?
-2
1 (base 14) to base 10
1
342 (base 8) to base 2
11100010
What is 87 (base 9) in base 10?
79
What is -1a (base 15) in base 12?
-21
Convert -2 (base 6) to base 8.
-2
Convert -2 (base 8) to base 15.
-2
91 (base 10) to base 5
331
Convert 4 (base 11) to base 9.
4
Convert 3 (base 4) to base 2.
11
What is -2 (base 11) in base 15?
-2
2 (base 8) to base 14
2
-48 (base 15) to base 11
-62
Convert 5 (base 8) to base 10.
5
Convert -1 (base 10) to base 7.
-1
Convert 100 (base 2) to base 9.
4
3 (base 9) to base 10
3
Convert 70 (base 9) to base 2.
111111
-56 (base 9) to base 11
-47
-2 (base 5) to base 7
-2
What is 44 (base 14) in base 3?
2020
What is 88 (base 10) in base 6?
224
Convert 1 (base 5) to base 13.
1
c (base 16) to base 14
c
What is -26 (base 8) in base 15?
-17
What is -4 (base 11) in base 3?
-11
Convert -e (base 15) to base 13.
-11
What is 42 (base 10) in base 15?
2c
2 (base 10) to base 16
2
What is 31 (base 4) in base 7?
16
Convert -8 (base 14) to base 15.
-8
Convert 1e (base 16) to base 7.
42
Convert -12 (base 6) to base 3.
-22
-36 (base 7) to base 8
-33
Convert 2 (base 6) to base 13.
2
Convert 8b (base 16) to base 6.
351
-7 (base 8) to base 11
-7
What is -87 (base 15) in base 3?
-11201
0 (base 2) to base 8
0
20 (base 5) to base 10
10
What is -3a (base 13) in base 7?
-100
Convert -2323 (base 4) to base 5.
-1222
What is 2 (base 3) in base 13?
2
-231 (base 4) to base 15
-30
-34 (base 5) to base 15
-14
1014 (base 5) to base 13
a4
Convert 18 (base 14) to base 11.
20
-4 (base 5) to base 4
-10
What is -11 (base 4) in base 6?
-5
What is 47 (base 12) in base 6?
131
Convert -101 (base 2) to base 14.
-5
8 (base 13) to base 8
10
What is -41 (base 13) in base 11?
-49
Convert -1 (base 11) to base 13.
-1
Convert 10 (base 2) to base 5.
2
-200 (base 7) to base 16
-62
-3 (base 16) to base 6
-3
32 (base 13) to base 15
2b
11 (base 2) to base 7
3
What is 4 (base 9) in base 2?
100
Convert 3 (base 7) to base 11.
3
Convert -6 (base 10) to base 2.
-110
Convert -1d (base 15) to base 9.
-31
What is 13 (base 10) in base 8?
15
Convert -a4 (base 16) to base 7.
-323
What is 3 (base 13) in base 12?
3
What is -230 (base 7) in base 13?
-92
What is -74 (base 8) in base 12?
-50
-4 (base 8) to base 3
-11
Convert 2e (base 16) to base 7.
64
7 (base 9) to base 11
7
-253 (base 7) to base 15
-91
What is -3 (base 6) in base 8?
-3
What is -65 (base 7) in base 15?
-32
16 (base 11) to base 9
18
49 (base 12) to base 14
41
What is b3 (base 16) in base 7?
344
Convert 6 (base 14) to base 16.
6
Convert 12 (base 7) to base 6.
13
Convert -11b (base 15) to base 12.
-18b
What is 1 (base 11) in base 15?
1
Convert -20 (base 14) to base 2.
-11100
Convert -5 (base 13) to base 12.
-5
-1 (base 11) to base 3
-1
c6 (base 14) to base 10
174
-133 (base 6) to base 14
-41
-110 (base 3) to base 6
-20
What is 29 (base 10) in base 6?
45
Convert 224 (base 6) to base 3.
10021
Convert 256 (base 9) to base 3.
21220
What is 15 (base 6) in base 15?
b
Convert 1 (base 13) to base 14.
1
What is -3 (base 11) in base 16?
-3
What is 80 (base 16) in base 7?
242
What is -10 (base 9) in base 2?
-1001
-40 (base 5) to base 9
-22
Convert 31 (base 7) to base 10.
22
What is -d7 (base 16) in base 14?
-115
Convert 12220 (base 3) to base 10.
159
Convert 2 (base 14) to base 8.
2
Convert 241 (base 10) to base 14.
133
What is 22 (base 12) in base 5?
101
What is -12 (base 3) in base 9?
-5
Convert 17 (base 8) to base 14.
11
What is -3 (base 14) in base 8?
-3
Convert 1103 (base 4) to base 11.
76
Convert 2 (base 15) to base 11.
2
-42 (base 7) to base 13
-24
1 (base 11) to base 9
1
What is -12 (base 8) in base 6?
-14
What is -62 (base 12) in base 9?
-82
-4 (base 7) to base 6
-4
-42 (base 5) to base 6
-34
Convert 2 (base 12) to base 5.
2
Convert 151 (base 6) to base 16.
43
What is 26 (base 16) in base 15?
28
b (base 14) to base 5
21
-14 (base 10) to base 13
-11
0 (base 14) to base 6
0
What is 97 (base 10) in base 5?
342
What is 10 (base 4) in base 12?
4
Convert 151 (base 8) to base 14.
77
What is 2231 (base 4) in base 8?
255
What is 364 (base 9) in base 11?
254
What is -110 (base 4) in base 15?
-15
What is -11 (base 2) in base 13?
-3
-b (base 14) to base 4
-23
Convert 14 (base 10) to base 6.
22
47 (base 13) to base 14
43
-101 (base 3) to base 14
-a
6f (base 16) to base 5
421
What is -3 (base 10) in base 5?
-3
0 (base 3) to base 15
0
e (base 16) to base 15
e
-13 (base 11) to base 7
-20
Convert 3 (base 5) to base 4.
3
-c2 (base 16) to base 7
-365
Convert 5 (base 14) to base 11.
5
Convert -5 (base 7) to base 3.
-12
Convert -2 (base 13) to base 3.
-2
Convert 44 (base 15) to base 2.
1000000
What is -2 (base 4) in base 5?
-2
What is 30 (base 11) in base 14?
25
5 (base 6) to base 7
5
2 (base 9) to base 7
2
Convert 22 (base 5) to base 14.
c
What is -4 (base 12) in base 8?
-4
Convert -2 (base 10) to base 3.
-2
Convert -101201 (base 3) to base 2.
-100100001
-51 (base 7) to base 8
-44
Convert -140 (base 6) to base 4.
-330
What is 200 (base 5) in base 2?
110010
-8 (base 14) to base 16
-8
Convert -d4 (base 15) to base 13.
-124
What is -3 (base 9) in base 11?
-3
What is -3 (base 4) in base 8?
-3
Convert 10 (base 10) to base 4.
22
-110001 (base 2) to base 3
-1211
Convert -12 (base 12) to base 7.
-20
Convert 11 (base 6) to base 13.
7
-7 (base 13) to base 15
-7
-10 (base 10) to base 3
-101
5 (base 7) to base 6
5
-1 (base 2) to base 14
-1
What is 345 (base 8) in base 5?
1404
What is -1 (base 16) in base 12?
-1
Convert -3